 2. Let j be h(-3). Let b be o(j). What is the greatest common factor of 8 and b?
8
Let q = -28 - -52. What is the greatest common divisor of 8 and q?
8
Suppose -77 = 2*j - 15. Let b = j - -46. Suppose b - 3 = 2*w. What is the highest common factor of 2 and w?
2
Suppose 20*r - 74 = 18*r. What is the highest common factor of 333 and r?
37
Suppose -3*z + 15 - 6 = x, z = 0. What is the highest common factor of 72 and x?
9
Let m = -181 - -204. Calculate the greatest common divisor of m and 161.
23
Let h = -77 - -102. What is the highest common factor of 200 and h?
25
Suppose -3*t - 4 = -70. Let s be t/99 - 104/(-18). Calculate the greatest common factor of 12 and s.
6
Let x = -15 + 25. Calculate the greatest common factor of x and 5.
5
Let q = 7 - 6. Suppose 0 = 2*z - 25 - q. Calculate the greatest common factor of z and 130.
13
Let l(r) = -r**3 - r**2 + 4*r - 1. Let m be l(-3). Suppose -281 = -2*u - m*t, -2*u - 3*t = u - 444. Calculate the highest common factor of 17 and u.
17
Let v(s) = s**3 - 12*s**2 + 19*s + 17. Let n be v(10). What is the highest common divisor of 224 and n?
7
Let o be (-10)/(-55) + 1206/22. Suppose -3*f + 3*h - 7 = -2*f, 2*f - 2*h = -6. Let x be f - (-12)/(2 - 0). What is the highest common factor of x and o?
5
Suppose 4*a + 2*q - 400 = 28, -5*a + 3*q + 535 = 0. Let v = a - 58. Calculate the highest common divisor of 7 and v.
7
Suppose 32 = -o + 2*o. Suppose r + 3*i = 27, 2*r - o = r - 4*i. What is the highest common factor of 132 and r?
12
Let n = 10 - 6. Suppose n*u - 471 = -3*h, 5*u + 5*h - 432 - 158 = 0. Let r = -20 - -33. What is the greatest common factor of r and u?
13
Let o be (3 - 3) + (12 - 1). Suppose 253 = 3*x - o. Calculate the greatest common divisor of x and 8.
8
Suppose 7*g + 20 = 2*g. Let c = 10 + g. Suppose -28 = 2*f - c*f. Calculate the highest common factor of 1 and f.
1
Suppose -4*u + 9 = -7, 2*z = -2*u + 58. Let f be (3/(-9))/(2/(-30)). What is the highest common factor of f and z?
5
Let s = -4 - -9. Suppose 3*h + 0*h - 33 = -s*n, -3*n = 4*h - 22. Suppose 0 = -n*q + 5*q + 57. What is the highest common divisor of 38 and q?
19
Suppose 2*g = 4*u - 0*g - 4, -3*g - 2 = -4*u. Let s be ((-3)/(-6) - -3)*u. Calculate the greatest common factor of s and 7.
7
Let g(j) = -j**3 - 4*j**2 + 9*j + 2. Let y be g(-5). Let r be 0 + (1 - -2) - y. Calculate the highest common factor of 42 and r.
21
Suppose m = -1 + 7. Suppose -m = -2*g + 2*w, -2*g - g - 4*w + 16 = 0. Calculate the highest common divisor of 16 and g.
4
Suppose 477 = 4*a - 3*t, 0 = -0*a + a - 2*t - 118. What is the greatest common divisor of 15 and a?
15
Let g(l) = -l**3 - 4*l**2 + l. Let n be g(-4). Let d = -3 - n. What is the greatest common divisor of d and 3?
1
Suppose -j - 3*x + 14 = 0, 3*j - 29 = -j - 3*x. Calculate the highest common divisor of j and 5.
5
Let y = 20 - 14. Calculate the greatest common factor of y and 6.
6
Let k(b) = -2*b + 5. Let o be k(-6). Suppose x = -p + 6, 4*x - o = -5*p + 11. Suppose 5*r = x*r + 459. Calculate the greatest common divisor of 17 and r.
17
Suppose 0 = p - 4*y + 9 - 98, -p + 80 = -y. Calculate the highest common factor of 11 and p.
11
Let w be 240 + 0 - (0 - 0). Suppose 0 = -f + 5*f - w. Calculate the highest common divisor of f and 15.
15
Suppose -5*q + 2*l = -l + 5, -5*q - 5*l + 35 = 0. Suppose p - 6*p + q*s + 107 = 0, 18 = p + 3*s. What is the greatest common divisor of p and 14?
7
Suppose -92 + 22 = -i. Let t = 2 + 4. Let s = 16 - t. What is the highest common divisor of i and s?
10
Let w(t) = -2*t - 6. Let c be w(-4). Suppose -z - 5*o - c = 0, -z - o + 5*o = -16. What is the greatest common factor of 48 and z?
8
Let d(y) = y**3 + 6*y**2 + y + 12. Let z be d(-6). Calculate the highest common divisor of 54 and z.
6
Let s be (24/(-5))/(8/(-60)). Suppose -6*r - s = -180. Calculate the highest common divisor of 60 and r.
12
Let d(u) = -u**3 + 8*u**2 + 2*u + 4. Let m be d(7). Let j be ((-15)/20)/((-1)/4). Suppose 329 = j*p - m. What is the greatest common factor of p and 12?
12
Suppose 0 = 5*b - 20*b + 45. What is the highest common factor of 2 and b?
1
Let u = 12807 + -7939. Let l be u/8 + 1/(-2). Suppose -5*z = 4*b - l, -4*z + 476 = 2*b - 4*b. Calculate the greatest common divisor of 48 and z.
24
Suppose -5*x + 47 = 2*y, 2*x = -2*y + 2 + 12. Let h = -13 + x. Let c be (-96)/(-9) + h/3. Calculate the highest common divisor of 25 and c.
5
Suppose 0 = 3*t + 12, 2*i = -4*t + 6*t + 24. Suppose 17*w - 96 = 5*w. Calculate the highest common divisor of i and w.
8
Suppose -20 = -4*v + 16. What is the highest common factor of v and 9?
9
Let n be (-2)/16 - (-50)/16. What is the greatest common factor of n and 3?
3
Let w(h) = -2*h - 7. Let m be w(-5). Suppose -231 = 2*s - 9*s. What is the greatest common divisor of m and s?
3
Let y(l) = -l**2 - 26*l + 15. Let v be y(-17). Calculate the highest common divisor of v and 8.
8
Let a = -40 - -55. Let n be (5/2)/((-1)/(-2)). Calculate the highest common factor of n and a.
5
Let h be -1 + 6 + 0/(-1). Suppose 105 = 3*m + o - 7, 0 = -m - h*o + 56. Calculate the highest common factor of 9 and m.
9
Let y = -117 + 171. What is the greatest common divisor of 135 and y?
27
Suppose 0*a - 4*q - 16 = -a, -2*q - 8 = 3*a. Suppose 3*j + 5*p = -1, a*j + 11 = j - 4*p. Suppose 22 = j*g - 5. Calculate the greatest common factor of g and 27.
9
Let k = 37 + -21. Calculate the highest common divisor of 8 and k.
8
Suppose -4*o - 39 = -o. Let j = 0 - o. Let n(m) = 25*m**3 + 2*m - 1. Let w be n(1). What is the highest common divisor of j and w?
13
Suppose 5*w - 14 = 4*w. What is the highest common divisor of 28 and w?
14
Let k(r) = -2*r - 2. Let l be k(-6). Let s be 658/35 + 30/25. Calculate the highest common divisor of s and l.
10
Let z = 56 - 16. Calculate the highest common factor of 8 and z.
8
Let n = 55 + -39. Let f(o) = o**2 - 3*o - 4. Let p be f(5). Suppose y + 2*y = p. What is the highest common divisor of n and y?
2
Let q be (1*-2)/1 + 82. Suppose 2*g = -2*g + q. Let x be (-1 + -4)*(-24)/g. Calculate the greatest common factor of 9 and x.
3
Let o(t) = -t**2 - 10*t - 9. Suppose -4 = 2*g - 0*g - 4*i, 5*g = -4*i - 38. Let x be o(g). What is the greatest common divisor of x and 15?
15
Let y(h) = -20*h + 3. Let x be (-3 + 9)/2*-1. Let n be y(x). Suppose -o - 5*i - 60 = -6*o, 0 = 5*o - i - 40. What is the highest common factor of o and n?
7
Let s be (-22)/(-6) + (-4)/6. Suppose 3*r = -t - s*t + 51, -r = t - 13. Let d = 46 + -28. What is the highest common divisor of d and t?
6
Let o(q) = -q**3 + 3*q - 1. Let u be o(2). Let w be u + (59/1 - 1). What is the highest common factor of w and 22?
11
Suppose -s + 80 = -a, 3*a + 4 + 2 = 0. Suppose 390 = 5*w + 4*z, -z - s = -2*w + 65. Let l be w/2 - 1*-3. What is the highest common factor of l and 5?
5
Let c(q) be the third derivative of q**5/30 + q**3/6 + q**2. Let l be 22/(-4) - 3/(-2). Let m be c(l). Calculate the highest common divisor of m and 22.
11
Suppose 2*w - 5 = -0*b + 3*b, b + 5*w - 21 = 0. Suppose -z = h - b - 1, -5*z = h - 2. Calculate the highest common factor of h and 1.
1
Let j be 2 - (-3 + 2 - 140). Calculate the greatest common factor of 13 and j.
13
Suppose 2*s - 1 = -3. Let k be s + 1 + 21/3. Calculate the greatest common divisor of 35 and k.
7
Let l(u) = 2*u + 20. Let w be l(-9). Suppose 2*t + 5*y - 255 = 0, -684 = -5*t + 5*y - w*y. What is the greatest common factor of 27 and t?
27
Let v be ((-78)/(-8))/(18/(-48)). Let w be 4/v + (-15)/(-13). Calculate the highest common factor of 1 and w.
1
Let w(u) = u**2 + 8*u - 1. Let f be w(-10). Calculate the greatest common divisor of f and 152.
19
Let m = 117 + -115. Calculate the highest common factor of 5 and m.
1
Suppose 0 = -2*r + 2*v + 24, 10 = 4*v + 2. What is the greatest common divisor of 98 and r?
14
Suppose -3*m + 5*m + 22 = 0. Let q = m - -59. What is the highest common factor of 6 and q?
6
Let s(u) = -u**3 + 3*u**2 + 2*u. Let g = 0 - -2. Let c be s(g). Let j be (-2)/c - (-53)/4. Calculate the highest common factor of j and 104.
13
Suppose g - 10 = 20. Let m(f) = 2*f**3 + 12*f**2 - 3*f + 10. Let a be m(-5). Calculate the highest common factor of g and a.
15
Let z be ((-2)/(-4))/((-6)/(-36)). Calculate the highest common factor of z and 1.
1
Let i(x) = 2*x**2 + 13*x + 5. Let v be i(-7)